5. Let j(x) = 6*x + 2. Let s be j(8). Calculate the highest common divisor of s and z.
10
Let y = -4 + 9. Suppose 0 = c - 2 - y. Let l = -1384 - -1391. What is the greatest common factor of l and c?
7
Let r be 6*-3*3/(-6). Let g = 72 + 0. What is the greatest common factor of g and r?
9
Let m = 446 - 182. Suppose 2*g - 47 = -v, g = -3*g - 5*v + 91. Calculate the greatest common divisor of m and g.
24
Let t(f) = -3*f**2 + f - 86. Let m(d) = -5*d**2 + d - 173. Let b(a) = -4*m(a) + 7*t(a). Let w be b(0). Calculate the highest common divisor of 18 and w.
18
Suppose -2*c - 5 = d - 4*d, 2*c = -3*d + 25. Suppose 45 - 130 = -5*u + 4*t, -d*u - 2*t + 55 = 0. What is the greatest common factor of 65 and u?
13
Suppose -18*s + 2538 = 108. Calculate the highest common divisor of s and 5.
5
Let k be (-2 - -5) + 2*9/2. Let a(u) = u**2 + u. Let n be a(-6). Calculate the highest common factor of n and k.
6
Suppose -3*l - 3 = -4*l. Suppose -l*o + t = -49, -3*t + 68 = 3*o + 11. Suppose 5*n - 20 - 235 = 0. Calculate the highest common divisor of o and n.
17
Suppose 0 = -14*j - 34*j + 432. Calculate the highest common divisor of 36 and j.
9
Let m(q) = -3*q**3 - 5*q**2 - 2*q + 4. Let i be m(-3). Suppose 5*w - i = 19. What is the greatest common divisor of w and 13?
13
Let n be 58/18 + (-2)/9. Let i(j) = 10*j**2 + 2*j**3 - n - 2*j + 1 - j**3. Let v be i(-10). Calculate the highest common divisor of v and 9.
9
Suppose -z + 5*z = q - 16, q = 3*z + 18. Let u = 25 - q. Let p(b) = 31*b**3 + 2*b**2 - b. Let a be p(u). Calculate the greatest common factor of 8 and a.
8
Let h = 1798 - 1338. What is the greatest common divisor of 23 and h?
23
Let q be (102/18 - 5) + 21/9. What is the highest common divisor of q and 87?
3
Let s be (10/(-4))/(4/(-8)). Suppose -s*l = -2*k - 72, l + 0*l - k = 12. Let j = 97 + -57. What is the highest common divisor of j and l?
8
Suppose 45*a = 2384 + 1. What is the greatest common divisor of a and 1961?
53
Let c(s) = -4*s + 22. Let o be c(7). Let p be 190/19 - o/(-2). Suppose 3*a - p*a = -32. What is the greatest common factor of 56 and a?
8
Suppose 2*h + 60 = 8*h. Suppose -h = -f - 6. Calculate the highest common factor of 16 and f.
4
Let y(h) = h**3 - 14*h**2 + 42*h. Let n be y(10). What is the greatest common divisor of n and 40?
20
Suppose 13*k + 35 = 542. Calculate the greatest common factor of k and 78.
39
Let p(w) = 12*w**2 + 2*w + 1. Let q be p(-1). Let d be 88 + -45 + 2/2. What is the greatest common factor of d and q?
11
Let f = -1380 - -1665. Calculate the highest common factor of f and 15.
15
Suppose 20*b - 5400 = -7*b. Calculate the greatest common factor of b and 8.
8
Let b(a) = 129*a - 58. Let f be b(2). What is the greatest common divisor of 8 and f?
8
Let v be 8/(-4) + 1 + 3. Suppose 5*k + v*d = 4 + 6, -4*d + 4 = 2*k. Let r(t) = 2*t**2 + t - 3. Let q be r(3). What is the greatest common divisor of k and q?
2
Let k be -1*(0 + 0/(-1)). Suppose n - 5*f = 20, 2*n + k*f = 2*f. Let p = 4 - n. What is the highest common divisor of 3 and p?
3
Let j = 420 + -264. Suppose -4*w - p - 4*p + j = 0, -14 = -w + 5*p. Suppose -4*s + 3 + 65 = 0. Calculate the greatest common factor of w and s.
17
Let j(r) = -25*r - 3. Let h be j(-1). Let b(t) = -t**2 + 27*t - 53. Let x be b(h). What is the highest common factor of 38 and x?
19
Let r = 24 + -24. Suppose 3*m + 2*m = -3*l + 80, -3*l + 4*m + 44 = r. What is the highest common divisor of 10 and l?
10
Let q(o) = o - 9. Let z = -13 - -19. Let m(w) = w - 9. Let k(f) = z*m(f) - 5*q(f). Let t be k(13). Calculate the greatest common divisor of t and 6.
2
Suppose a - 2*f = f + 28, 0 = -f. What is the highest common divisor of 140 and a?
28
Let l = -211 - -271. What is the highest common divisor of l and 165?
15
Let t be 3/(-3 - 27/(-6)). Let g be 82/4 - 3/t. Suppose -168 = -2*l + 2*p - 48, 0 = -5*l - 5*p + 270. What is the greatest common divisor of g and l?
19
Suppose 2*k - 31 = -5*n, 3*n + 10*k - 5*k - 11 = 0. Suppose n*i - 105 = 2*i. Suppose -439 = -2*d - i. Calculate the greatest common factor of d and 19.
19
Let j(x) = 20*x**2 + x + 1. Let b = -6 - 6. Let d be (1 - (-16)/b)*3. Let h be j(d). Calculate the greatest common factor of 10 and h.
10
Suppose -943 - 182 = -5*b. What is the highest common factor of b and 9?
9
Let b(s) = -s**2 - 12*s - 15. Let h be b(-10). Suppose 5*y - y + 2*u - 280 = 0, h*y - 350 = 4*u. What is the highest common divisor of 10 and y?
10
Suppose -6*z = -2 - 70. Let a be 2/7 - 594/(-77). What is the greatest common factor of a and z?
4
Let i be 1*(-1)/1*-1. Suppose -9*d - 30 = -12. Let p be d/3*6*2/(-8). Calculate the greatest common factor of i and p.
1
Let q(p) be the first derivative of 3*p**2 - 42*p + 29. Let t be q(8). Calculate the greatest common divisor of 30 and t.
6
Let l be ((-220)/15)/(-2*(-2)/(-72)). What is the greatest common factor of 33 and l?
33
Let t be 1*33 - 4/(-2). Suppose -2*k - 4 = -0*k, -3*k - 366 = -4*a. Let z = a + -83. What is the highest common factor of z and t?
7
Suppose 2*h - 3*p - 12 = 0, -3*h - 4*p = -25 - 27. What is the highest common divisor of h and 132?
12
Let f be ((-45)/(-20))/((-3)/(-8)). Suppose -f*z + 300 = -z. Suppose -3*t = -b + 52, 5*t + 6 = -b + 26. Calculate the greatest common divisor of z and b.
20
Let w = -105 + 108. Suppose -3*s + 73 = 2*p + 2*s, w*s + 9 = p. Calculate the greatest common factor of 64 and p.
8
Let m = 638 + -588. What is the highest common divisor of m and 1350?
50
Let n = 826 - 825. Calculate the highest common factor of n and 71.
1
Suppose -29*p = -32*p + 6. Suppose 2*n - 6 = -d - 0*d, 5*n - 10 = -p*d. Let s = d - 8. What is the highest common factor of 14 and s?
2
Suppose -64*c + 70*c = 1050. What is the highest common divisor of c and 21?
7
Let s = 85 + -126. Suppose -2*l - 177 = -3*q, 21*q - l + 225 = 25*q. Let g = q + s. Calculate the greatest common factor of 48 and g.
16
Suppose y + 92 = 5*o, -2*o - 4*y = -0*o - 28. Let f = -12 + o. Suppose -40*n + 39*n + 6 = 0. Calculate the highest common factor of f and n.
6
Suppose 0 = -v - 3*d + 30, 2*v - d = 2*d + 24. Let j be (1/6)/1 - (-33)/v. Calculate the greatest common factor of j and 16.
2
Let x(m) = m**3 - 26*m**2 + 29*m + 62. Let u be x(25). Suppose 0 = 4*i + 6 - u. What is the highest common factor of i and 104?
13
Let f = -145 + 244. What is the highest common divisor of f and 165?
33
Let t(m) = 12*m + 188. Let d be t(7). What is the greatest common divisor of 48 and d?
16
Let t(y) = y**3 + 10*y**2 - 13*y - 11. Let a be t(-11). Let f = 211 - 107. Suppose -4*m + f = -72. Calculate the greatest common factor of a and m.
11
Suppose -r + 18 = o - 1, 5*r - 103 = 3*o. What is the highest common factor of r and 28?
4
Suppose -4*f + 10 + 22 = 4*s, -5*s - 3*f + 40 = 0. Suppose 17*z = 13*z. Let j = 8 + z. What is the highest common divisor of s and j?
8
Let l(k) = k**3 + 11*k**2 - 13*k + 5. Let c be l(-12). Calculate the greatest common factor of c and 425.
17
Suppose 2*y = 3*j + 14 - 4, 5*y = 3*j - 2. Let n = 0 - j. Let w be (-1)/3 - 56/(-6). Calculate the greatest common divisor of n and w.
3
Let m(z) = z**3 + 9*z**2 - 32*z - 6. Let o be m(3). Let d = 56 + -31. Suppose 23*a = d*a - o. What is the highest common factor of 33 and a?
3
Suppose 1389 = 63*i - 2013. Calculate the highest common divisor of 135 and i.
27
Suppose 0 = -32*c - 379 + 1051. What is the highest common factor of c and 2625?
21
Let r = 1053 + -745. Calculate the greatest common factor of r and 28.
28
Suppose 0 = 21*d - 22*d - 2*b + 226, 5*d - 2*b - 1070 = 0. What is the highest common divisor of 120 and d?
24
Suppose 3*h - 5*k - 246 = 0, 5*h + 223 = -4*k + 596. Let d(j) = j**3 - 16*j**2 - 17*j + 11. Let x be d(17). Calculate the greatest common divisor of x and h.
11
Suppose -f + 3*m + 0*m = -227, m = -1. Let u(i) = -2*i - 8. Let d be u(-18). What is the highest common factor of d and f?
28
Suppose 8*t + 4 = 9*t. Suppose -4*a - 4*y = -12, y = -t*a + 19 - 4. Suppose a*h - 6 = h. Calculate the highest common divisor of h and 1.
1
Suppose 2*x = x + 6. Suppose -x = -6*s + 3*s. What is the greatest common factor of 4 and s?
2
Let t(h) = h**3 - 9*h**2 + 17*h + 3. Let s(q) = -2*q**3 - 12*q**2 + q + 13. Let o be s(-6). Let v be t(o). What is the highest common factor of v and 6?
6
Let n be ((-32)/